{"id":183,"date":"2024-12-12T12:39:49","date_gmt":"2024-12-12T12:39:49","guid":{"rendered":"https:\/\/christianmoraes.com.br\/loja\/?post_type=product&#038;p=183"},"modified":"2024-12-12T13:21:15","modified_gmt":"2024-12-12T13:21:15","slug":"cremeira-aco-inox","status":"publish","type":"product","link":"https:\/\/christianmoraes.com.br\/loja\/produto\/cremeira-aco-inox\/","title":{"rendered":"Cremeira A\u00e7o Inox"},"content":{"rendered":"<p><strong>Cremeira de A\u00e7o Inox<\/strong><\/p>\n<p>Cremeira fabricada em a\u00e7o inoxid\u00e1vel de alta qualidade, resistente \u00e0 corros\u00e3o e com acabamento polido. Ideal para servir leite, creme ou molhos, oferecendo durabilidade e eleg\u00e2ncia \u00e0 mesa. Possui bico de f\u00e1cil despejo e al\u00e7a ergon\u00f4mica para maior praticidade. Compat\u00edvel com lava-lou\u00e7as e de f\u00e1cil armazenamento. Perfeita para uso dom\u00e9stico ou profissional.<\/p>\n","protected":false},"excerpt":{"rendered":"<p>Cremeira de A\u00e7o Inox.<\/p>\n","protected":false},"featured_media":179,"comment_status":"open","ping_status":"closed","template":"","meta":[],"product_brand":[],"product_cat":[26,27,28],"product_tag":[],"class_list":{"0":"post-183","1":"product","2":"type-product","3":"status-publish","4":"has-post-thumbnail","6":"product_cat-categoria-teste-1","7":"product_cat-categoria-teste-2","8":"product_cat-categoria-teste-3","10":"first","11":"instock","12":"shipping-taxable","13":"purchasable","14":"product-type-variable"},"yoast_head":"<!-- This site is optimized with the Yoast SEO plugin v27.4 - https:\/\/yoast.com\/product\/yoast-seo-wordpress\/ -->\n<title>Cremeira A\u00e7o Inox - Christian Moraes - Loja<\/title>\n<meta name=\"robots\" content=\"index, follow, max-snippet:-1, max-image-preview:large, max-video-preview:-1\" \/>\n<link rel=\"canonical\" href=\"https:\/\/christianmoraes.com.br\/loja\/produto\/cremeira-aco-inox\/\" \/>\n<meta property=\"og:locale\" content=\"pt_BR\" \/>\n<meta property=\"og:type\" content=\"article\" \/>\n<meta property=\"og:title\" content=\"Cremeira A\u00e7o Inox - Christian Moraes - Loja\" \/>\n<meta property=\"og:description\" content=\"Cremeira de A\u00e7o Inox.\" \/>\n<meta property=\"og:url\" content=\"https:\/\/christianmoraes.com.br\/loja\/produto\/cremeira-aco-inox\/\" \/>\n<meta property=\"og:site_name\" content=\"Christian Moraes - Loja\" \/>\n<meta property=\"article:publisher\" content=\"https:\/\/facebook.com\/oficialchristianmoraes\/\" \/>\n<meta property=\"article:modified_time\" content=\"2024-12-12T13:21:15+00:00\" \/>\n<meta property=\"og:image\" content=\"https:\/\/christianmoraes.com.br\/loja\/wp-content\/uploads\/2024\/12\/cremeira.webp\" \/>\n\t<meta property=\"og:image:width\" content=\"640\" \/>\n\t<meta property=\"og:image:height\" content=\"640\" \/>\n\t<meta property=\"og:image:type\" content=\"image\/webp\" \/>\n<meta name=\"twitter:card\" content=\"summary_large_image\" \/>\n<script type=\"application\/ld+json\" class=\"yoast-schema-graph\">{\"@context\":\"https:\\\/\\\/schema.org\",\"@graph\":[{\"@type\":\"WebPage\",\"@id\":\"https:\\\/\\\/christianmoraes.com.br\\\/loja\\\/produto\\\/cremeira-aco-inox\\\/\",\"url\":\"https:\\\/\\\/christianmoraes.com.br\\\/loja\\\/produto\\\/cremeira-aco-inox\\\/\",\"name\":\"Cremeira A\u00e7o Inox - Christian Moraes - Loja\",\"isPartOf\":{\"@id\":\"https:\\\/\\\/christianmoraes.com.br\\\/loja\\\/#website\"},\"primaryImageOfPage\":{\"@id\":\"https:\\\/\\\/christianmoraes.com.br\\\/loja\\\/produto\\\/cremeira-aco-inox\\\/#primaryimage\"},\"image\":{\"@id\":\"https:\\\/\\\/christianmoraes.com.br\\\/loja\\\/produto\\\/cremeira-aco-inox\\\/#primaryimage\"},\"thumbnailUrl\":\"https:\\\/\\\/christianmoraes.com.br\\\/loja\\\/wp-content\\\/uploads\\\/2024\\\/12\\\/cremeira.webp\",\"datePublished\":\"2024-12-12T12:39:49+00:00\",\"dateModified\":\"2024-12-12T13:21:15+00:00\",\"breadcrumb\":{\"@id\":\"https:\\\/\\\/christianmoraes.com.br\\\/loja\\\/produto\\\/cremeira-aco-inox\\\/#breadcrumb\"},\"inLanguage\":\"pt-BR\",\"potentialAction\":[{\"@type\":\"ReadAction\",\"target\":[\"https:\\\/\\\/christianmoraes.com.br\\\/loja\\\/produto\\\/cremeira-aco-inox\\\/\"]}]},{\"@type\":\"ImageObject\",\"inLanguage\":\"pt-BR\",\"@id\":\"https:\\\/\\\/christianmoraes.com.br\\\/loja\\\/produto\\\/cremeira-aco-inox\\\/#primaryimage\",\"url\":\"https:\\\/\\\/christianmoraes.com.br\\\/loja\\\/wp-content\\\/uploads\\\/2024\\\/12\\\/cremeira.webp\",\"contentUrl\":\"https:\\\/\\\/christianmoraes.com.br\\\/loja\\\/wp-content\\\/uploads\\\/2024\\\/12\\\/cremeira.webp\",\"width\":640,\"height\":640},{\"@type\":\"BreadcrumbList\",\"@id\":\"https:\\\/\\\/christianmoraes.com.br\\\/loja\\\/produto\\\/cremeira-aco-inox\\\/#breadcrumb\",\"itemListElement\":[{\"@type\":\"ListItem\",\"position\":1,\"name\":\"In\u00edcio\",\"item\":\"https:\\\/\\\/christianmoraes.com.br\\\/loja\\\/\"},{\"@type\":\"ListItem\",\"position\":2,\"name\":\"Loja\",\"item\":\"https:\\\/\\\/christianmoraes.com.br\\\/loja\\\/loja\\\/\"},{\"@type\":\"ListItem\",\"position\":3,\"name\":\"Cremeira A\u00e7o Inox\"}]},{\"@type\":\"WebSite\",\"@id\":\"https:\\\/\\\/christianmoraes.com.br\\\/loja\\\/#website\",\"url\":\"https:\\\/\\\/christianmoraes.com.br\\\/loja\\\/\",\"name\":\"Christian Moraes - Loja\",\"description\":\" Bem-vindo(a) ao meu site! Aqui voc\u00ea encontra m\u00fasica crist\u00e3 inspiradora, agenda de eventos e uma loja com produtos exclusivos para aben\u00e7oar sua vida.\",\"publisher\":{\"@id\":\"https:\\\/\\\/christianmoraes.com.br\\\/loja\\\/#\\\/schema\\\/person\\\/bc214bcb240b541e0690e0d4c4421b1f\"},\"potentialAction\":[{\"@type\":\"SearchAction\",\"target\":{\"@type\":\"EntryPoint\",\"urlTemplate\":\"https:\\\/\\\/christianmoraes.com.br\\\/loja\\\/?s={search_term_string}\"},\"query-input\":{\"@type\":\"PropertyValueSpecification\",\"valueRequired\":true,\"valueName\":\"search_term_string\"}}],\"inLanguage\":\"pt-BR\"},{\"@type\":[\"Person\",\"Organization\"],\"@id\":\"https:\\\/\\\/christianmoraes.com.br\\\/loja\\\/#\\\/schema\\\/person\\\/bc214bcb240b541e0690e0d4c4421b1f\",\"name\":\"Christian\",\"image\":{\"@type\":\"ImageObject\",\"inLanguage\":\"pt-BR\",\"@id\":\"https:\\\/\\\/christianmoraes.com.br\\\/loja\\\/wp-content\\\/uploads\\\/2024\\\/12\\\/cropped-logo.png\",\"url\":\"https:\\\/\\\/christianmoraes.com.br\\\/loja\\\/wp-content\\\/uploads\\\/2024\\\/12\\\/cropped-logo.png\",\"contentUrl\":\"https:\\\/\\\/christianmoraes.com.br\\\/loja\\\/wp-content\\\/uploads\\\/2024\\\/12\\\/cropped-logo.png\",\"width\":469,\"height\":120,\"caption\":\"Christian\"},\"logo\":{\"@id\":\"https:\\\/\\\/christianmoraes.com.br\\\/loja\\\/wp-content\\\/uploads\\\/2024\\\/12\\\/cropped-logo.png\"},\"sameAs\":[\"https:\\\/\\\/christianmoraes.com.br\\\/loja\",\"https:\\\/\\\/facebook.com\\\/oficialchristianmoraes\\\/\",\"https:\\\/\\\/instagram.com\\\/christiianmoraes\\\/\",\"https:\\\/\\\/youtube.com\\\/@Christiianmoraes\"]}]}<\/script>\n<!-- \/ Yoast SEO plugin. -->","yoast_head_json":{"title":"Cremeira A\u00e7o Inox - Christian Moraes - Loja","robots":{"index":"index","follow":"follow","max-snippet":"max-snippet:-1","max-image-preview":"max-image-preview:large","max-video-preview":"max-video-preview:-1"},"canonical":"https:\/\/christianmoraes.com.br\/loja\/produto\/cremeira-aco-inox\/","og_locale":"pt_BR","og_type":"article","og_title":"Cremeira A\u00e7o Inox - Christian Moraes - Loja","og_description":"Cremeira de A\u00e7o Inox.","og_url":"https:\/\/christianmoraes.com.br\/loja\/produto\/cremeira-aco-inox\/","og_site_name":"Christian Moraes - Loja","article_publisher":"https:\/\/facebook.com\/oficialchristianmoraes\/","article_modified_time":"2024-12-12T13:21:15+00:00","og_image":[{"width":640,"height":640,"url":"https:\/\/christianmoraes.com.br\/loja\/wp-content\/uploads\/2024\/12\/cremeira.webp","type":"image\/webp"}],"twitter_card":"summary_large_image","schema":{"@context":"https:\/\/schema.org","@graph":[{"@type":"WebPage","@id":"https:\/\/christianmoraes.com.br\/loja\/produto\/cremeira-aco-inox\/","url":"https:\/\/christianmoraes.com.br\/loja\/produto\/cremeira-aco-inox\/","name":"Cremeira A\u00e7o Inox - Christian Moraes - Loja","isPartOf":{"@id":"https:\/\/christianmoraes.com.br\/loja\/#website"},"primaryImageOfPage":{"@id":"https:\/\/christianmoraes.com.br\/loja\/produto\/cremeira-aco-inox\/#primaryimage"},"image":{"@id":"https:\/\/christianmoraes.com.br\/loja\/produto\/cremeira-aco-inox\/#primaryimage"},"thumbnailUrl":"https:\/\/christianmoraes.com.br\/loja\/wp-content\/uploads\/2024\/12\/cremeira.webp","datePublished":"2024-12-12T12:39:49+00:00","dateModified":"2024-12-12T13:21:15+00:00","breadcrumb":{"@id":"https:\/\/christianmoraes.com.br\/loja\/produto\/cremeira-aco-inox\/#breadcrumb"},"inLanguage":"pt-BR","potentialAction":[{"@type":"ReadAction","target":["https:\/\/christianmoraes.com.br\/loja\/produto\/cremeira-aco-inox\/"]}]},{"@type":"ImageObject","inLanguage":"pt-BR","@id":"https:\/\/christianmoraes.com.br\/loja\/produto\/cremeira-aco-inox\/#primaryimage","url":"https:\/\/christianmoraes.com.br\/loja\/wp-content\/uploads\/2024\/12\/cremeira.webp","contentUrl":"https:\/\/christianmoraes.com.br\/loja\/wp-content\/uploads\/2024\/12\/cremeira.webp","width":640,"height":640},{"@type":"BreadcrumbList","@id":"https:\/\/christianmoraes.com.br\/loja\/produto\/cremeira-aco-inox\/#breadcrumb","itemListElement":[{"@type":"ListItem","position":1,"name":"In\u00edcio","item":"https:\/\/christianmoraes.com.br\/loja\/"},{"@type":"ListItem","position":2,"name":"Loja","item":"https:\/\/christianmoraes.com.br\/loja\/loja\/"},{"@type":"ListItem","position":3,"name":"Cremeira A\u00e7o Inox"}]},{"@type":"WebSite","@id":"https:\/\/christianmoraes.com.br\/loja\/#website","url":"https:\/\/christianmoraes.com.br\/loja\/","name":"Christian Moraes - Loja","description":" Bem-vindo(a) ao meu site! Aqui voc\u00ea encontra m\u00fasica crist\u00e3 inspiradora, agenda de eventos e uma loja com produtos exclusivos para aben\u00e7oar sua vida.","publisher":{"@id":"https:\/\/christianmoraes.com.br\/loja\/#\/schema\/person\/bc214bcb240b541e0690e0d4c4421b1f"},"potentialAction":[{"@type":"SearchAction","target":{"@type":"EntryPoint","urlTemplate":"https:\/\/christianmoraes.com.br\/loja\/?s={search_term_string}"},"query-input":{"@type":"PropertyValueSpecification","valueRequired":true,"valueName":"search_term_string"}}],"inLanguage":"pt-BR"},{"@type":["Person","Organization"],"@id":"https:\/\/christianmoraes.com.br\/loja\/#\/schema\/person\/bc214bcb240b541e0690e0d4c4421b1f","name":"Christian","image":{"@type":"ImageObject","inLanguage":"pt-BR","@id":"https:\/\/christianmoraes.com.br\/loja\/wp-content\/uploads\/2024\/12\/cropped-logo.png","url":"https:\/\/christianmoraes.com.br\/loja\/wp-content\/uploads\/2024\/12\/cropped-logo.png","contentUrl":"https:\/\/christianmoraes.com.br\/loja\/wp-content\/uploads\/2024\/12\/cropped-logo.png","width":469,"height":120,"caption":"Christian"},"logo":{"@id":"https:\/\/christianmoraes.com.br\/loja\/wp-content\/uploads\/2024\/12\/cropped-logo.png"},"sameAs":["https:\/\/christianmoraes.com.br\/loja","https:\/\/facebook.com\/oficialchristianmoraes\/","https:\/\/instagram.com\/christiianmoraes\/","https:\/\/youtube.com\/@Christiianmoraes"]}]}},"jetpack_sharing_enabled":true,"_links":{"self":[{"href":"https:\/\/christianmoraes.com.br\/loja\/wp-json\/wp\/v2\/product\/183","targetHints":{"allow":["GET"]}}],"collection":[{"href":"https:\/\/christianmoraes.com.br\/loja\/wp-json\/wp\/v2\/product"}],"about":[{"href":"https:\/\/christianmoraes.com.br\/loja\/wp-json\/wp\/v2\/types\/product"}],"replies":[{"embeddable":true,"href":"https:\/\/christianmoraes.com.br\/loja\/wp-json\/wp\/v2\/comments?post=183"}],"wp:featuredmedia":[{"embeddable":true,"href":"https:\/\/christianmoraes.com.br\/loja\/wp-json\/wp\/v2\/media\/179"}],"wp:attachment":[{"href":"https:\/\/christianmoraes.com.br\/loja\/wp-json\/wp\/v2\/media?parent=183"}],"wp:term":[{"taxonomy":"product_brand","embeddable":true,"href":"https:\/\/christianmoraes.com.br\/loja\/wp-json\/wp\/v2\/product_brand?post=183"},{"taxonomy":"product_cat","embeddable":true,"href":"https:\/\/christianmoraes.com.br\/loja\/wp-json\/wp\/v2\/product_cat?post=183"},{"taxonomy":"product_tag","embeddable":true,"href":"https:\/\/christianmoraes.com.br\/loja\/wp-json\/wp\/v2\/product_tag?post=183"}],"curies":[{"name":"wp","href":"https:\/\/api.w.org\/{rel}","templated":true}]}}